-6).
2
List the prime factors of (0 + -5 + 2)*348/(-9).
2, 29
Suppose -11 = -4*v - a, -2*a - 19 = -5*v - 5*a. List the prime factors of v.
2
Let y(i) = -i**3 - 10*i**2 - 9. Let j be y(-10). List the prime factors of (-6)/j*(-42)/(-4).
7
Let b = 16 - 13. Suppose -m + 40 = b*m. List the prime factors of m.
2, 5
Let j be 0/(-2 + -2) + 67. Let s = -47 + j. What are the prime factors of s?
2, 5
Let w(r) = r**3 - 2*r**2 - 5*r + 3. Let i be w(3). Let f be 24/10*10/4. Let d = i + f. What are the prime factors of d?
3
Let t(a) = -5 - 4*a - 3 + 5. What are the prime factors of t(-2)?
5
Let j be (112/(-12))/((-2)/3). Suppose -12*f + j*f - 46 = 0. List the prime factors of f.
23
Suppose -2*q + 4*u - 6 = 0, 2*q - q = 3*u - 6. Let a(s) = s + 2. Let j be a(q). Suppose -8*m + 26 = -4*m - t, -j*t = 3*m - 31. List the prime factors of m.
7
Suppose 4*j + 636 = 8*j. List the prime factors of j.
3, 53
Suppose a + 0 - 3 = 0. Suppose 4*v = -3*p + 37, 3*p + 2*p - 47 = -3*v. Let n = p - a. List the prime factors of n.
2
Let b(g) = g**2 + 9*g - 17. List the prime factors of b(13).
269
Let m = 2 - -8. Let f = 10 - m. What are the prime factors of (f + 6)/((-2)/(-4))?
2, 3
Let k(w) = -2*w - 10. Suppose 8 = 5*n - 3*n. Suppose 6 + 26 = -n*y. List the prime factors of k(y).
2, 3
Let a(v) = 4*v - 4. Let u(c) = c - 13. Let t be u(10). Let y be a(t). What are the prime factors of ((-15)/(-4))/((-4)/y)?
3, 5
Let k(j) = 12*j - 46. List the prime factors of k(15).
2, 67
Suppose 0*m - 2*m = -4. Let g be (1/(-2))/(m/4). List the prime factors of -22*g/2 + -1.
2, 5
Let f = 40 + -25. List the prime factors of f.
3, 5
Let v be (9/(-6))/(3/68). Let w = 91 + v. List the prime factors of w.
3, 19
Suppose -16 = -5*l - 6. Suppose l*w = -3*w + 40. What are the prime factors of w?
2
Let y(a) = -a**3 - 9*a**2 - 4*a + 25. Let o be y(-8). Suppose -3*t = -0*t + 2*j + 65, 0 = -5*t - 2*j - 103. Let k = o - t. What are the prime factors of k?
2, 3
Let g(t) = t**2 + t - 1. List the prime factors of g(4).
19
Suppose 0 = -2*w + 2 + 10. Let a = -3 + w. Suppose -u + a*u - 42 = 0. What are the prime factors of u?
3, 7
Let i = -8 - -14. Suppose 12 = -4*a + i*a. What are the prime factors of a?
2, 3
Suppose 3*w - t + 2*t = -5, -5*t + 23 = -w. Suppose 7*z - 12 = 3*z. What are the prime factors of w/(z/(-2)) - -10?
2, 3
Let t(d) = 102*d + 2. List the prime factors of t(2).
2, 103
Suppose -q = -0*q - 3. Let c = 1 + 2. Suppose 0 = c*m + h - 8, -h - 10 = -q*m - 0*h. List the prime factors of m.
3
Suppose -13*d = -17*d + 344. List the prime factors of d.
2, 43
Let y be 103/2 + 2/(-4). Suppose -5*d + y = -24. What are the prime factors of d?
3, 5
Suppose -2*v = v - 27. Suppose -3*c + 0 = -9. Suppose j = -5*y + 5*j + 58, v = c*j. List the prime factors of y.
2, 7
Suppose 13 = 5*u - 217. What are the prime factors of u?
2, 23
Let b(z) = -7*z**2 + z. Let r be b(1). Let d = 44 - 30. Let u = d + r. List the prime factors of u.
2
Suppose 4*f + 3*d - 1 = 0, -5*f = -0*d - 4*d - 40. Suppose 9*k - f*k = r + 108, 6 = -2*r. List the prime factors of k.
3, 7
Suppose b + 5*w = 124, 0*w - 283 = -2*b - 3*w. List the prime factors of b.
149
Let a = 21 + -6. What are the prime factors of a?
3, 5
Let d(v) = -v**3 - 7*v**2 - 4*v + 20. What are the prime factors of d(-8)?
2, 29
Suppose -3*p + 85 = -5. List the prime factors of p.
2, 3, 5
Let j(o) = o**3 + 6*o**2 - o - 6. What are the prime factors of j(-4)?
2, 3, 5
Let r(l) = 3*l**2 - 44*l + 1. Let s(p) = -p**2 + 15*p. Let f(c) = -4*r(c) - 11*s(c). What are the prime factors of f(10)?
2, 3
Let j be 0/2 - (1 + -6). Suppose -i + 20 = -2*d + j*d, 2*d = 10. Suppose -i*x = h - 61, -h - 12 = 2*h. List the prime factors of x.
13
Suppose 6*y - 50 = 28. Suppose -2*u = -2*z - 4, -2*z - 4*u = -3*u + 1. What are the prime factors of y/1 + -1 - z?
13
Let w(d) = -d**2 - d + 5. Suppose -2*x = 3*x + r + 3, 0 = -3*x - 5*r - 15. List the prime factors of w(x).
5
Let f = 1 - -1. List the prime factors of (f - -1*7) + 1.
2, 5
Suppose 274 + 310 = 8*c. List the prime factors of c.
73
Let a = -63 + 100. What are the prime factors of a?
37
Let t be 0*(1 + (-1)/2). Suppose 4*h + f = 31, t = -2*h - 3*h + 4*f + 23. List the prime factors of h.
7
Suppose -4*s = 5*l - 22 + 2, -5*l - 2*s = -20. Let y = l + -1. List the prime factors of 0 + 1 - y - -14.
2, 3
Let x(g) = -3*g**3 + g**2 + 2*g + 1. Let y be x(-1). Let l = 0 + y. Suppose -36 = l*k - 6*k. What are the prime factors of k?
2, 3
Suppose 3*u - 142 = 5. What are the prime factors of u?
7
Suppose -w - 2 + 0 = -y, -3*w - 34 = 4*y. Let p be w/8*(-25 - -1). Suppose -n + p = n. What are the prime factors of n?
3
Let q(c) = 13*c**2 - 1. Suppose -4*w = -5*y + 4*y + 10, 4*w + 4*y = 0. Let i be (4/(-6))/(w/3). What are the prime factors of q(i)?
2, 3
Suppose 4*z = 4, -3*x - x + 17 = -3*z. Suppose -2*k - 2*a = a - 30, -33 = -x*k + 3*a. List the prime factors of k.
3
Suppose -2*k = 4*x, -5*x - 35 = 3*k - 4*k. What are the prime factors of k?
2, 5
Suppose -d = -9 - 12. Let u(l) = 7*l - 2. Let m be u(2). Let c = d - m. List the prime factors of c.
3
Suppose -4*p + 40 = -2*v + 4*v, 2*v = 5*p - 32. List the prime factors of p.
2
Let x(f) be the third derivative of -f**7/1680 + f**6/720 - f**5/30 + f**2. Let b(k) be the third derivative of x(k). What are the prime factors of b(-4)?
13
Suppose 0*x + 5*x = 385. Suppose 5*b - 95 = 5*n, x = 5*b - n + 2*n. Let v = -3 + b. What are the prime factors of v?
13
Suppose 3*h - 59 = 2*s, -s = 3*h - 5*s - 67. Suppose -3*o - 7 - 1 = 4*j, -j + h = -4*o. What are the prime factors of j + 0 + -1 + 13?
13
Suppose w = -0*w + 16. Suppose -8 - w = -m. List the prime factors of m.
2, 3
Let x = 2 - 6. Let i = 7 + x. What are the prime factors of 15/(-5) - i*-7?
2, 3
Let u(o) = o**2 + 5*o + 8. Let v be u(-7). Suppose k - v = 21. List the prime factors of k.
43
Let i(l) = -12*l + 15. List the prime factors of i(-5).
3, 5
Suppose -5*b - 5*w = 10, 2*b = -5*w + 4 + 4. What are the prime factors of ((-68)/(-6))/((-4)/b)?
17
Suppose l = p + 6, 3*l - 3*p - 2*p - 24 = 0. Suppose 2*s = s - 3*x + 7, -s + l = 5*x. Let m = 18 - s. List the prime factors of m.
5
List the prime factors of (34/(-3))/(1/(-6)).
2, 17
Let w(c) = -5 + 2 + 1 - 3*c. Let a(d) = -d + 5. Let m be a(7). What are the prime factors of w(m)?
2
Let b(i) = 4 - 1 - 1 - 3*i + 4*i**2 + 1. Let g(m) = -m**3 + 4*m**2 + 5*m + 2. Let f be g(5). What are the prime factors of b(f)?
13
Let g(n) be the first derivative of -13*n**2/2 - n - 1. What are the prime factors of g(-1)?
2, 3
Let p = 171 + -98. What are the prime factors of p?
73
Suppose -5*o + 140 = -3*r, -2*o + 3*o + 280 = -5*r. Let x be ((-6)/15)/(1/r). Let b = -13 + x. What are the prime factors of b?
3
Suppose -2*z - 4*u + 208 = 0, -z + 2*z = -5*u + 113. What are the prime factors of z?
2, 7
Let s(c) = c**2 - 8*c + 11. Let f be s(5). Let i = f + 14. What are the prime factors of i?
2, 5
Suppose 0 = -n + 2*u - 3, -4*n - n + 3 = -4*u. Let h be (-2 - (40 + n))*-1. Suppose -2*g = g + 2*z - 24, -5*z - h = -3*g. List the prime factors of g.
2, 5
Let z = -14 - -8. Let o(f) = 2*f + 6. Let q be o(z). Let d = q + 19. What are the prime factors of d?
13
Let b(o) = -o**3 - 3*o**2 + o + 2. Suppose -3*w + 0*w = 12. What are the prime factors of b(w)?
2, 7
Let m(a) = 6*a**3 - 2*a - 17*a**2 - 22*a**2 + 38*a**2. What are the prime factors of m(2)?
2, 5
Let t(p) = 2*p + 7. Let r be t(-5). List the prime factors of r*((-6)/3 + -3).
3, 5
Let w(z) = -6 - 3*z - 3*z - 4*z + 9*z. What are the prime factors of w(-15)?
3
Let y be (-1 - 0)/(3/(-12)). Let z = y - 4. Suppose -4*o = -z - 32. What are the prime factors of o?
2
Let z(n) = n**2 - 2*n + 1. Let a be z(3). Let m be ((-210)/(-20))/(3/a). Suppose 0*u = -u - 3*g + m, 3*u = -5*g + 50. What are the prime factors of u?
2, 5
Let w(k) = 91*k**2 - 9*k + 9. Let d(u) = 23*u**2 - 2*u + 2. Let x(f) = 9*d(f) - 2*w(f). List the prime factors of x(1).
5
Let z be 4/6 - (-13)/3. Let p be (-17)/(-7) + (-6)/14. Suppose 2*u - 14 = z*l, 7*u - 3*l = p*u + 54. List the prime factors of u.
2, 3
Let n = 15 - 7. Suppose n = 2*o - 4. Suppose o + 2 = m. What are the prime factors of m?
2
Let w = 17 + -10. Suppose 19 = -w*i + 8*i. List the prime factors of i.
19
Suppose 5*o + 15 = 0, -3*o + o + 9 = 3*s. Suppose s*p - 15 = 2*p. What are 